= -60 - -184. Let f = n - 121. Let l be (-5)/45*-57*f. What is the highest common factor of l and 171?
19
Suppose 4*q - 66 = l, -40 = -10*q + 8*q + 4*l. Suppose -43*d = -39*d - q. Let a(y) = -21*y + 2. Let u be a(-2). What is the greatest common divisor of u and d?
4
Let s be (-1 - 31012/(-4)) + 5/5*4. Calculate the greatest common divisor of s and 140.
28
Let g(m) = -23*m - 137. Let b be g(-6). Let v be (((-39)/4)/(-3)*28)/b. Calculate the greatest common factor of v and 117.
13
Suppose 7*r + 2313 = 283. Let j be (-34)/(-6) - 6 - r/6. Suppose 3*w = 3*v - 63, 36 = 5*v - w - 49. Calculate the highest common divisor of j and v.
16
Let o(z) = 4*z**2 - 8. Let m(y) = -y**2 - 5*y - 3. Suppose 0 = 3*w - 0*w + 6. Let t be m(w). Let d be o(t). What is the greatest common factor of 308 and d?
28
Let p(o) = o**3 + 4*o**2 + 2*o - 2. Let f be p(-3). Let x be (9/6)/(f/12). Suppose 0 = -17*a + 428 + 338 + 458. What is the highest common divisor of x and a?
18
Suppose -2*h - j = -35, 5*h - 3*j - 151 + 47 = 0. Let w(z) = -z**3 + 5*z**2 + 36*z + 235. Let a be w(-8). What is the greatest common divisor of h and a?
19
Suppose -97 - 58 = -c. Let o be -1 + ((-564)/3)/(-2). Calculate the greatest common divisor of c and o.
31
Let r be (-4)/(-3)*6/4. Let v be (-81)/(-6)*2/3. Suppose -10 + 172 = v*a. What is the highest common factor of r and a?
2
Let i = 76 + -72. Suppose -8 = i*h, -5*h - 47 = 3*q + 35. Let y be (418/(-56) - (-6)/q)*-7. Calculate the highest common divisor of y and 6.
6
Let z(u) = u. Let h be z(-3). Let f(m) = -10*m - 21. Let o be f(h). Let t be -50*(-4)/(24/o). Calculate the greatest common divisor of 30 and t.
15
Let m = 47260 - 40372. What is the highest common factor of m and 84?
84
Let y = 47 - 164. Let x = 359 - y. What is the highest common factor of x and 56?
28
Let v(q) = q**3 - 5*q**2 - 6*q + 1. Let u be v(6). Suppose 15*m = -34*m - 49686. Let k = 1019 + m. Calculate the greatest common divisor of k and u.
1
Suppose 0 = -65*r - 3114 - 5179 + 43133. What is the highest common factor of 3149 and r?
67
Suppose -36*m + 4213 + 26891 = 0. Calculate the greatest common divisor of 1647 and m.
27
Let v be (2 + (1 - (-180)/(-6)))*-17. Calculate the highest common divisor of v and 81.
27
Let d = -25448 + 25450. Calculate the greatest common factor of 934 and d.
2
Let a(j) = -7*j**2 - 427*j + 44. Let v be a(-61). What is the greatest common divisor of v and 12?
4
Let b(q) = -q + 20. Suppose 0 = 4*v - 5*v + 12. Let i be b(v). Suppose -i*p = -35 - 37. What is the highest common divisor of 72 and p?
9
Let q = 103333 - 103309. Let x be (-104)/(-2)*6*1. What is the greatest common factor of x and q?
24
Let g(m) = m + 35. Let l be g(0). Let x = 121 - l. Let a = 213 - 170. Calculate the highest common factor of a and x.
43
Let j be 4/(-14) + 2622/14. Suppose -4*g = 23*t - 18*t - 78, -5*g + 118 = -4*t. Calculate the highest common factor of g and j.
11
Suppose 79 = -t + 283. Let j(r) = -r**3 + 8*r**2 + 11*r - 20. Let p be j(8). What is the highest common divisor of t and p?
68
Let y = -95 - -41. Let k be (-12)/y + (-561)/(-27). Let j = -17 + k. What is the highest common divisor of j and 4?
4
Suppose 0 = 3*c - 5*c - 5*q + 1012, -q = 5*c - 2553. What is the highest common divisor of c and 219?
73
Suppose 0 = 5*y - t - 4445, -2*t - 1792 = -2*y - 14. Calculate the greatest common divisor of 127 and y.
127
Suppose 0 = 3*w + 1 - 37. Let j = w + 219. Suppose 0 = 9*g - j + 15. What is the highest common divisor of g and 216?
24
Suppose p - 256 = 3*u, -12*p - 512 = -14*p - 3*u. What is the highest common factor of p and 208?
16
Suppose 4*i + 433*u - 372 = 429*u, 5*i + 4*u - 470 = 0. What is the greatest common divisor of i and 287?
7
Let m(n) = -2*n**3 + 24*n**2 - 11*n + 22. Let o be m(11). Suppose 0 = 5*d + 2*u - 5*u - 118, -d + 46 = 5*u. What is the highest common factor of o and d?
13
Suppose 10 = x + 3*q - 5, q + 25 = 3*x. Calculate the greatest common factor of 57 and x.
3
Let n(z) = -2*z**2 + 105*z - 136. Let t be n(50). Calculate the highest common factor of 6726 and t.
114
Suppose 19*i - 21*i = -2*q - 54, 4*q = 2*i - 50. Calculate the highest common factor of 16936 and i.
29
Suppose -321*t = -427*t + 12164 + 7658. Calculate the greatest common divisor of 28237 and t.
187
Suppose 4*h = -3*p + 26, -24*p + 26*p - 4 = 4*h. Let g(j) = 3*j + 8. Let l be g(-6). Let t = h - l. Calculate the greatest common divisor of t and 132.
12
Suppose 9 = -4*u + 3*t, -4*u = t + 4*t + 17. Let w be (-15)/6 + (1516/8 - u). Calculate the greatest common divisor of 38 and w.
38
Suppose -108 = -d + 3*r, 54*r + 216 = 2*d + 55*r. Suppose l + 15 - 51 = 0. What is the greatest common divisor of d and l?
36
Let i(f) = -10*f + 28. Let a be i(2). Suppose 7 = -a*r + 223. What is the highest common divisor of 9 and r?
9
Suppose 143*o - 139*o = -24, 0 = 3*w + o - 570. Calculate the greatest common factor of w and 5568.
192
Let q = -5002 + 5080. What is the greatest common factor of 252 and q?
6
Let h be (-34)/30 + 14/105. Let g be h/((-6)/205) + 3/(-18). What is the highest common factor of 170 and g?
34
Let u be ((-10)/(-15) - 4)/(834/108 + -8). Let r(j) = 2*j**3 - 2*j**2 + 3*j + 3. Let q be r(3). Calculate the greatest common factor of u and q.
12
Let b be 5 + 6/(4/(-2)). Let l be (13 - 12)/(b/60). Suppose 35*n - 614 - 436 = 0. Calculate the greatest common divisor of l and n.
30
Let v be (-1)/((2/4)/((-3)/2)). Let u(a) = 194*a - 71. Let c be u(v). Calculate the greatest common factor of 7 and c.
7
Let a = -90 - 40. Let q be 6/8 - (0 + a/8). What is the greatest common divisor of 17 and q?
17
Let y(z) = 154*z - 1006. Let l be y(7). What is the greatest common factor of l and 31068?
36
Suppose -3*f + 12148 = -2*a, -17*f = -16*f + 3*a - 4053. Calculate the greatest common divisor of f and 30.
30
Let u(m) = 23*m - 54. Let n(y) = -10*y + 494 + 2*y - 476. Let q(x) = -7*n(x) - 2*u(x). Let w be q(3). Calculate the greatest common divisor of 12 and w.
12
Let q be (3 + -2)/(-1) - -1. Let v be 8/3 + (-54)/(-162). Suppose -j = a - 35, -j + 2 + v = q. What is the highest common factor of 30 and a?
30
Suppose 33 = 13*k - 318. Suppose -2*s - s + 4*l + 3 = 0, -2*l - 4 = -4*s. Let r be 2 - (-18*s - -2). What is the highest common divisor of r and k?
9
Let k be 17/(-85) + (-279)/5. Let l be k/(-98) + 66/7. Calculate the greatest common factor of l and 40.
10
Suppose z + 2058 + 2501 = 4*b, 4*z = 3*b - 3390. What is the highest common factor of 2 and b?
2
Let n = 648 + -1254. Let o = n + 910. What is the greatest common factor of 19 and o?
19
Let c(t) = t**2 - 6*t - 6. Let w be c(8). Let v be 10 + 0 + -11 + 7. Suppose -w = -5*j, -2*o + 2*j + v = 4. What is the highest common factor of 24 and o?
3
Let c(y) = -12*y - 100. Let s be c(-41). Let l be 3/(24/338) - 98/s. What is the greatest common divisor of l and 609?
21
Let n be 972/10*(3/(-6))/((-38)/190). Calculate the highest common divisor of 36 and n.
9
Suppose -856 = 36*o + 944. Let i be -7 + 2 - (o + 12). What is the greatest common divisor of 12 and i?
3
Let b(r) = -4*r + 20. Let p be 4 + -5 - (-50)/(-2). Let q = 26 + p. Let x be b(q). Calculate the greatest common divisor of x and 10.
10
Suppose -2*y + 2*m + 208 = 0, 0 = -4*y - 5*m - 91 + 462. Suppose 2*x - 77 = -33. What is the highest common divisor of x and y?
11
Let m(d) = d**3 + 8*d**2 + 5*d - 8. Let t be 4 - 1 - (15 + -6). Let v be m(t). Let p = 9451 + -9400. Calculate the highest common factor of v and p.
17
Suppose 2*d + 4*o - 14 = 0, -4*o + 0*o = 16. Let c be 4 + 39/(-9) + 25207/21. Suppose -7*t - c = -15*t. What is the highest common factor of t and d?
15
Let d(w) = 132*w + 1. Let f(p) = p. Let q be f(1). Let k be d(q). Let g = k - 77. What is the greatest common divisor of g and 8?
8
Suppose 16*d + 9701 = 72757. What is the greatest common divisor of d and 7?
7
Suppose -7872 = -2*o + 2*t - 1458, -5*t - 6405 = -2*o. What is the greatest common divisor of 30 and o?
30
Suppose 5*d = 11*d - 2305 - 137. Calculate the greatest common factor of 3515 and d.
37
Let c be 18*(-9)/(-14) - 66/(-154). Let k be -6*1*3/(-6). Suppose -k*d = -2*g - 0*d + 649, c = -4*d. What is the highest common divisor of 40 and g?
40
Let m(h) = -8*h + 72. Let u be m(9). Suppose -7*w + 150 + 186 = u. Calculate the greatest co